 28083?
27ca7
In base 11, what is 169030 - 3?
169028
In base 4, what is 1 + 120102132312?
120102132313
In base 12, what is -11572070 - -4?
-11572068
In base 12, what is 99b676 + -1?
99b675
In base 11, what is -44 - 422aa86?
-423001a
In base 2, what is 10101000010100111 + 11001101000?
10101011100001111
In base 4, what is -2 - 12303000021?
-12303000023
In base 3, what is -101200100221111110 + 11?
-101200100221111022
In base 11, what is -3 + 8083378?
8083375
In base 10, what is 3327 - 24748?
-21421
In base 9, what is 105242046 + 7?
105242054
In base 4, what is 20010 - 3311203?
-3231133
In base 13, what is -18c - -384054?
383b95
In base 13, what is -5c8 + 489a?
42a2
In base 8, what is -4 + 1117202403?
1117202377
In base 16, what is -2 - -30007c?
30007a
In base 16, what is -1 - 42b156f?
-42b1570
In base 13, what is 404314 - a?
404307
In base 4, what is 12200230003121 - 10?
12200230003111
In base 5, what is -333 - -113402101?
113401213
In base 9, what is 181743 + -3?
181740
In base 3, what is 11 - 10201100200122?
-10201100200111
In base 9, what is 3651704 - 22?
3651672
In base 6, what is 3 + -14522502244?
-14522502241
In base 16, what is -8aad78 - -4?
-8aad74
In base 5, what is -1 + 410122421?
410122420
In base 12, what is 287471 + -3?
28746a
In base 15, what is 202085 + 44?
2020c9
In base 4, what is -21303 - 203?
-22112
In base 10, what is 2288 + 10274?
12562
In base 15, what is 1ad1ee - -4d?
1ad24c
In base 13, what is -12b6395 + -8?
-12b63a0
In base 12, what is -955a5 - 2600?
-97ba5
In base 9, what is 43 + 236324?
236367
In base 16, what is -24f - -1c301?
1c0b2
In base 14, what is 1 + 73db79?
73db7a
In base 14, what is -3 + 10045b?
100458
In base 3, what is -1001102100221 + -220110?
-1001110021101
In base 8, what is -14313 - 22575?
-37110
In base 3, what is 2 - -102121220222212101?
102121220222212110
In base 15, what is 2b2b85 + -1?
2b2b84
In base 11, what is 14a5 - 24352?
-22958
In base 5, what is -3424301 + 210?
-3424041
In base 2, what is 1011010101011010111010011 + 0?
1011010101011010111010011
In base 3, what is -1 - -11211022121021?
11211022121020
In base 13, what is -1 - 193c82b2?
-193c82b3
In base 7, what is -555205 + -34?
-555242
In base 7, what is 22 - -34661056?
34661111
In base 5, what is -4 - 40132102020?
-40132102024
In base 3, what is -22 - -1021210110111?
1021210110012
In base 3, what is -110012200020020 - 100?
-110012200020120
In base 3, what is -121210120010222 - -101?
-121210120010121
In base 14, what is -170a39 - 9?
-170a44
In base 11, what is -3 - -7a0a840?
7a0a838
In base 16, what is 899a - 267?
8733
In base 12, what is 1238 + -811?
627
In base 9, what is 3863717 - -12?
3863730
In base 3, what is 11210 - -10020221200?
10021010110
In base 7, what is 22513 - -206606?
232422
In base 5, what is 24022310410 + 1?
24022310411
In base 12, what is 11 + b6404aa?
b6404bb
In base 16, what is 45d27 - -f?
45d36
In base 4, what is -13202323313 - 22?
-13202330001
In base 8, what is 1070623 - 44?
1070557
In base 6, what is 410515435 + -4?
410515431
In base 5, what is -2133 + -10141221?
-10143404
In base 8, what is -37650113 + -43?
-37650156
In base 7, what is -355112010 - 3?
-355112013
In base 15, what is 1718205e - -5?
17182064
In base 13, what is -365b1 + 39?
-36575
In base 5, what is -13404214 - -23?
-13404141
In base 16, what is -c - -26221f?
262213
In base 5, what is -3021211 + -13311?
-3040022
In base 14, what is -c912d18 + -4?
-c912d1c
In base 12, what is -638658 + -5?
-638661
In base 4, what is -20131131213 + -12?
-20131131231
In base 9, what is 5358 - -1261?
6630
In base 15, what is 3a6 + 7439?
77e0
In base 16, what is 1 - c35099?
-c35098
In base 10, what is 18398 - 15814?
2584
In base 16, what is -3 + -8f709f7?
-8f709fa
In base 11, what is 605 - -36a?
974
In base 5, what is -3023132 - 343204?
-3421341
In base 12, what is 39114 + -4ba?
38816
In base 6, what is 5 - -10242235522?
10242235531
In base 7, what is -14513 - 201?
-15014
In base 15, what is -75c9 - 2335?
-990e
In base 9, what is -4443 - 7437?
-12881
In base 3, what is -21 + -1021111201120?
-1021111201211
In base 16, what is 0 - -34e955?
34e955
In base 11, what is -575 + 4033?
3569
In base 8, what is -1127350147 + 0?
-1127350147
In base 9, what is -1 - -12084581?
12084580
In base 10, what is -88 - -18578872?
18578784
In base 2, what is 11001 + -1001000110001010111?
-1001000110000111110
In base 15, what is 5 - a00beb8?
-a00beb3
In base 8, what is -342 - -250222?
247660
In base 6, what is 20053 + -5051005?
-5030512
In base 7, what is -5 - 14402152?
-14402160
In base 16, what is -4f727 + -28?
-4f74f
In base 13, what is -12691 - -777?
-11c17
In base 7, what is -2044306310 + 3?
-2044306304
In base 5, what is -3012431224 - -2120?
-3012424104
In base 8, what is 10201 - 206170?
-175767
In base 12, what is -42966 + 23?
-42943
In base 12, what is 12 + 353301?
353313
In base 3, what is -11 + -121101221120212?
-121101221121000
In base 15, what is -2c0046c + -3?
-2c00470
In base 11, what is -16023 - -862?
-15271
In base 9, what is -687 - 1443123?
-1443821
In base 7, what is -324510 + 254?
-324223
In base 3, what is 11002200112 - 11?
11002200101
In base 4, what is -132030010 + -1132?
-132031202
In base 15, what is 49985 - -3a1?
49d36
In base 11, what is -25242 - 2aa8?
-2823a
In base 11, what is -67 - 185170?
-185227
In base 9, what is -214 - 2062740?
-2063054
In base 9, what is -40866 - -1450?
-38416
In base 10, what is -8 - 7262131?
-7262139
In base 3, what is -1012212111 - 1202210?
-1021122021
In base 14, what is d + -2830973?
-2830964
In base 12, what is 2 - -39470403?
39470405
In base 9, what is -4 - -67463255?
67463251
In base 14, what is 31 + 1804c1?
180512
In base 7, what is -5036201 - 0?
-5036201
In base 10, what is -9860202 + 1?
-9860201
In base 4, what is -20033013 - 12102023?
-32201102
In base 6, what is -40502 - -11020?
-25442
In base 12, what is -5 + 3b660a3?
3b6609a
In base 14, what is -2d38a + -56?
-2d402
In base 15, what is -27 - -83158?
83131
In base 15, what is -1a00b1 - 79?
-1a013a
In base 5, what is 0 - -2144403323?
2144403323
In base 9, what is 52 - 2700155?
-2700103
In base 12, what is 17a0433b + -1?
17a0433a
In base 5, what is 232021 + 30024?
312100
In base 4, what is -10120010 + 1211303?
-2302101
In base 9, what is -488855 - 3782?
-503747
In base 12, what is -52707 - a94?
-5359b
In base 12, what is 1459 - 3657b?
-35122
In base 4, what is 1112210 + 3122?
1121332
In base 7, what is 25 + -10460400?
-10460342
In base 14, what is 330 + 3883?
3bb3
In base 10, what is -91406 + 2098?
-89308
In base 7, what is -320 - -311615?
311265
In base 8, what is 1665 - -65201?
67066
In base 12, what is -b04578 - 52?
-b0460a
In base 8, what is 37601 + 26513?
66314
In base 7, what is -5453625302 - -5?
-5453625264
In base 3, what is -221 + 2220020220?
2220012222
In base 12, what is -1a99 + 86017?
8413a
In base 9, what is -17620308 + 222?
-17620076
In base 2, what is -1 + -1000000110110001111000101100?
-1000000110110001111000101101
In base 5, what is -11302443332 - 44?
-11302443431
In base 13, what is 74b63 + 37?
74b9a
In base 14, what is 1853d + 1a9?
18708
In base 10, what is -17 + 820701?
820684
In base 8, what is -4256035760 - 5?
-4256035765
In base 4, what is 220300 + -133202?
21032
In base 2, what is 100 - -10111001101010001000110?
10111001101010001001010
In base 11, what is 174a752 - -3?
174a755
In base 8, what is -200722 - -6247?
-172453
In base 6, what is 1 - -1231455055?
1231455100
In base 14, what is -27682d - -10?
-27681d
In base 16, what is a + -1efce3?
-1efcd9
In base 8, what is 332 - -1304346?
1304700
In base 16, what is -75 + 6678?
6603
In base 9, what is -43674 - -142?
-43532
In base 10, what is 2094 - -31945?
34039
In base 2, what is -10101010000111001 - -1000001010?
-10101001000101111
In base 14, what is 4 + 34525d?
345263
In base 16, what is 329da1e - 6?
329da18
In base 5, what is 23142300 + 1140?
23143440
In base 16, what is 4 + -c800?
-c7fc
In base 5, what is -30102141 + -301?
-30102442
In base 5, what is 0 - 14320232011?
-14320232011
In base 16, what is -6 + -29c931?
-29c937
In base 15, what is -2bc - -47035?
46c68
In base 9, what is 5 - 20006522?
-20006516
In base 2, what is 11100011000100000011010000110 + 100?
11100011000100000011010001010
In base 14, what is 0 -